u(33) composite?
False
Let d = 86 - 27. Let x(y) = -d*y + 75*y - 99*y. Is x(-2) a prime number?
False
Let c = -30 + 41. Suppose 3*l - 19 = -l - 5*g, -c = -l + 5*g. Suppose -1401 = -l*v - 123. Is v prime?
False
Is (1241000/35)/5 - (-78)/(-182) prime?
False
Suppose -4*h + r - 27 + 7 = 0, -12 = 3*r. Let j(m) = 44*m**2 - 46 + 45 + m**2 + 13*m. Is j(h) prime?
False
Suppose 5*i + 3*m - 346046 = 0, -82*i + 84*i - 138417 = -m. Is i prime?
False
Let p(k) be the second derivative of -11*k - 3/2*k**2 + 37/12*k**4 + 0 - k**3. Is p(-4) prime?
True
Suppose 7*n = 11*n - 20. Suppose -4*q + 35 = 3*p - 2*p, -n*q + 20 = 0. Is p/2*(18 - 4) a composite number?
True
Let d(s) = -s**3 - 16*s**2 - 7*s - 82. Let x be d(-16). Is ((-24410)/(-25))/((x/25)/3) prime?
True
Suppose -2*g - 2*j + 3441552 = 0, -2589474 = -2*g + 4*j + 852036. Is g a composite number?
False
Suppose -6*c + 14882 + 6622 = 0. Let u = c + 303. Suppose 9*k - u = 1270. Is k a composite number?
True
Suppose 2*u - u = 15804. Suppose 2*v - u = -4*v. Suppose -3*d - 2*o + v = 41, -4*o - 4 = 0. Is d prime?
False
Suppose 0 = 8*h - 23497 + 4193. Let l(v) = 325*v - 1. Let q be l(-5). Let d = q + h. Is d prime?
True
Is (12 + (-8 - (-12)/4))/(-1) - -998978 a prime number?
False
Is (17*(-17)/(-289))/(1/120247) a prime number?
True
Let y = 1069 - -2101. Let n = y - 188. Let l = n - 1819. Is l composite?
False
Is ((-20254467)/207)/((-2)/5*(-15)/(-18)) a composite number?
False
Suppose -5*s + 203211 + 82437 = -2*c, 2*c - 2 = 0. Suppose -s = 21*x - 31*x. Is x composite?
True
Suppose -2*z - 60 = 4*u, 2*z = -2*z + 16. Let t = u + 20. Suppose 3*w = -t*w + 78. Is w a composite number?
False
Suppose -2*h + 174 = -k - k, 2*h = -4*k + 180. Let x = -82 + h. Suppose -181 = -f + 2*u, x*f + 360 = 8*f - 2*u. Is f composite?
False
Let b = -987 - -1760. Let t = b + -714. Is t a prime number?
True
Let j(o) = -27288*o + 195. Is j(-2) a composite number?
True
Is 3489120/20 - -14 - 21 a composite number?
True
Suppose -2*q = c - 29530 - 26745, -4*c = -2*q - 225090. Is c a prime number?
False
Let f be 2/(-8) + (-148)/(-16) + 0. Suppose -2*n = 3*s - s + 2, -3*s = n + 3. Suppose n = -12*d + f*d + 678. Is d a composite number?
True
Let p = 879 - 2178. Let r = 10370 - p. Is r a prime number?
False
Suppose -3*h + 8883 = -4020. Suppose -h = 2*y - 4*y - 5*l, -3*y = l - 6458. Is y a prime number?
True
Let c = 10145 - 8484. Is c prime?
False
Let x = 654 + -2453. Is (-3 - -2)*x - (-9 - -11) prime?
False
Let a(w) = -12*w**3 + w + 2. Let v be a(-1). Suppose v*i - 9616 = 20713. Is i a composite number?
False
Let c = 495714 + 127099. Is c a prime number?
True
Let m be ((-38)/(-4))/((-2)/(-4)). Suppose m*b - 3*b - 73808 = 0. Is b a composite number?
True
Let h(n) = n**3 + 10*n**2 + n + 6. Suppose 3*s + 80 = -5*s. Let z be h(s). Is z/(-14) - (5283/(-7) + -2) prime?
True
Let f = 464088 + -300739. Is f composite?
True
Is ((-15)/(-45))/(((-20)/(-550356))/5) a composite number?
False
Let d(o) be the second derivative of 101*o**3/6 + o**2/2 + 4*o. Suppose 0*s - 4*s + 8 = 4*p, 4*p = -5*s + 8. Is d(p) a prime number?
False
Suppose -1860*y = -1855*y - 10. Let h(x) = 51*x**2 - 5*x + 2. Let f be h(-4). Suppose t + 3*u + 0*u - f = 0, 1731 = y*t - 5*u. Is t composite?
False
Suppose -855 - 743 = -34*z. Suppose -z*k = -69*k + 22814. Is k composite?
True
Let t = -17 + 13. Let f = t + -4. Is -4*6/f - (-144)/3 prime?
False
Let d be 2396 + (-56)/12 + (-2)/6. Suppose 3200 = 4*n - 0*p + 2*p, -3*n + d = -3*p. Is n a composite number?
True
Let r(p) be the second derivative of p**8/1680 - p**6/720 + 7*p**5/60 + 19*p**4/12 + 19*p. Let j(l) be the third derivative of r(l). Is j(7) prime?
False
Suppose 39*q - 246797 = 671380. Is q prime?
False
Suppose 21 = 3*n + 15. Suppose -n*y = -17 + 7. Suppose -y*j + 2*g = -j - 1090, 0 = -3*j + 2*g + 816. Is j a composite number?
True
Let i(h) = 12*h + 53. Let a be i(-6). Let x be 23*(a*8 - -3). Let u = -2378 - x. Is u a composite number?
False
Suppose 0 = 2*m - 5*s - 47226, -4*m - 222*s = -220*s - 94500. Is m composite?
False
Let v = 145649 + -28066. Is v a prime number?
False
Let v = 288 + 365. Let p = v + 1550. Is p prime?
True
Let q(f) = 378*f**3 + f + 1. Let g be (1 - (-7 + 9)) + 7 + -4. Is q(g) prime?
False
Let r be (9/2 + 0 + -3)*-2. Let b(y) = -3414*y + 55. Is b(r) a prime number?
False
Let f be (-1 - 1) + (-3892)/(-2). Suppose -388 = -n + f. Let h = 3609 - n. Is h a prime number?
True
Suppose -r - 17813 = -2*s, -221*s + 225*s - 35640 = 4*r. Is s a composite number?
True
Let s be 1 + 20869 - (-4 + 2). Suppose -8*a - 3*p = -9*a + 6956, 3*a = 5*p + s. Is a composite?
False
Let q(c) = 2*c**3 + 37*c**2 - 41*c + 41. Let k(p) = p**3 + 18*p**2 - 21*p + 21. Let m(j) = -5*k(j) + 2*q(j). Is m(-18) prime?
True
Let v = -5 + 30. Suppose v*d - 13470 = 15*d. Is d a prime number?
False
Is (-19621825)/(-272) + 19/(-304) a prime number?
True
Let p be (-3933)/(-23) + -2 + 8. Let o = p + 46. Is o composite?
False
Is (887/(-5))/(312/(-1280760)) a composite number?
True
Suppose -2280*r = -2306*r + 7208187 + 13600367. Is r a composite number?
False
Let b(s) = s**2 - 14*s + 19. Let p be b(13). Suppose 4 + 22 = 3*v - 5*y, 3*y = v - 10. Suppose -p*q + v*q = 967. Is q composite?
False
Suppose 2*c - 1 = 11. Suppose 14 = c*m - 4. Suppose -4*l - 5*r = -3*r - 4404, -4384 = -4*l + m*r. Is l a composite number?
True
Suppose -5*h - 4*m = -8*m - 192501, h - 38503 = -2*m. Is h a composite number?
False
Let z(r) = 23*r + 228. Let s be z(-10). Let y(t) = -816*t**3 - 3*t**2 - 6*t - 7. Is y(s) prime?
True
Suppose -21*l + 376447 = -2*l. Is l prime?
True
Let l = 160388 - 83147. Is l composite?
True
Let r be (42/(-24))/(3/24). Let m = 27 - r. Suppose m = -2*g + 693. Is g prime?
False
Suppose -44*s + 49*s + 130 = 0. Let n(i) = -145*i - 64. Let x be n(s). Let m = -1675 + x. Is m a prime number?
False
Suppose 0 = 3*u - 2*u + 6*u. Suppose m - 5*r - 12388 = u, -53022 = -4*m + 4*r - 3518. Is m a composite number?
False
Let m(l) = -l**2 + 2*l + 12. Let r be m(6). Let p be 46344/14 - r/(-42). Is ((-2)/(-4))/(5/p) a composite number?
False
Is 1891*203 - (234/195)/(12/40) a prime number?
True
Suppose -3*t = 4*h + 9780 + 1394, 0 = -4*h - 2*t - 11172. Let o = h - -6205. Is o a composite number?
False
Suppose 2*c - 53070 = 4*y, 4*c + 16*y = 11*y + 106166. Is c composite?
False
Let a = 111444 + -71941. Is a prime?
True
Let m = -14705 - -5474. Let w = -4382 - m. Is w composite?
True
Suppose 31*i = 29*i + 10. Suppose -4*b - i + 17 = 0, 3*a - 52350 = 5*b. Suppose -6*f + a = -f. Is f prime?
True
Let z = 393 + -154. Let j = -52 + z. Is j prime?
False
Let p = -63 - -66. Suppose -4*c + 2847 = p*j, -2*j - 117 = -2*c - 2001. Suppose 4*w = -3*v + j, -4*v = -0*w + 5*w - 1181. Is w composite?
True
Let u be ((-2)/(-4))/(15/1110). Let q = u - 37. Suppose q = g - 2*g + 211. Is g composite?
False
Suppose -808641 = -20*n + 1411739. Is n composite?
True
Is 2/(-38) + (-842890812)/(-5529) a composite number?
True
Suppose 5*b - 20878 = 7*b. Let r = -19805 - b. Is r/(-9)*(-15)/(-10) prime?
False
Let y(u) = 59*u**2 + 26*u - 7. Suppose 5*p - 1 = -4*k, -3*k + p - 1 = -4*k. Is y(k) composite?
True
Let j(r) = 17 - 4*r - 129*r**2 + 294*r**2 + 8 - 111*r**2. Is j(-7) prime?
True
Is 1018366/4 - (21 + 450/(-20)) prime?
True
Suppose 53*h - 25106037 = -6065249 + 5375199. Is h composite?
True
Suppose 0 = -4*u - t + 39, u + 4*t - 2*t - 15 = 0. Let p(v) = 2*v**2 - u + 12*v - 1 + 3*v**2. Is p(-9) a composite number?
True
Suppose 2*y - 4 = -2*b - 0, -28 = -5*b + 4*y. Suppose b*i = 4*t - 2 + 22, -4*t = -3*i + 14. Suppose i*q - 2365 = q. Is q composite?
True
Suppose -4*r + 68 = 4*w, 3*r - 66 = -3*w + 5*w. Suppose 0 = 6*i - 2*i - r. Suppose -2*v - 2*v - 3*g = -8836, 5*g = -i*v + 11045. Is v a prime number?
False
Suppose 0 = 2*s + 6, k + 4*s = 2*k - 19. Let t = 25 - k. Is 3183/t - (-2)/12 composite?
True
Let h be (-54)/(-15) + 4*(-1)/(-10). Suppose -2*y = -2*k + 1280, -h*k - y + 2566 = y. Is k a composite number?
False
Suppose -2*i + 47 = 85. Let u = i - -23. Is -3*((-195)/9 + u) prime?
True
Suppose -3*d + 312014 = 245*j - 243*j, 5*d = 2*j - 312014. Is j composite?
False
Let n be 1 + (116 - (-13 + 0)). Suppose 26 = 3*c + 59. Let m = n - c. Is m a composite number?
True
Let j(b) be the third derivative of -b**6/120 + b**5/60 - b